3 = 9. Let z(i) be the third derivative of -i**6/120 + i**5/60 + i**3/6 + 16*i**2. Determine z(y).
-3
Let i(l) be the first derivative of 7*l**2/2 + 124*l - 119. What is i(-17)?
5
Let p(i) = 7*i. Let c(r) = r**2 + 34*r - 100. Let g(w) = c(w) - 5*p(w). Give g(0).
-100
Let w(f) = 2*f**3 + 4*f**2 - 4*f + 5. Let a(j) = j + 45. Let n be a(14). Let z = n + -63. What is w(z)?
-43
Let r(h) = 2*h - 7. Let n(k) = k**2 - 22*k + 36. Let v be n(21). Suppose 3*t = 5*y - 0*t - 15, v = 3*t. Determine r(y).
5
Suppose 49*u + 60*u = -42*u. Let d(l) = 3*l + 83. Calculate d(u).
83
Suppose 8 = 4*o - 4*m, 4*o - 6 = -4*m - 30. Let l(a) = a + 9. Let c(i) = -2. Let q(v) = o*l(v) - 10*c(v). Let t = -5 + 2. Give q(t).
8
Let z = 7994 + -7993. Let g(s) = 19*s - 6. Give g(z).
13
Let l(r) = -r**2 - 9*r - 146232 + 292454 - 146230 + r. Let j(f) = f + 2. Suppose 2*s - 6 = -0, 3*w = s - 30. Let m be j(w). Give l(m).
-1
Let l(c) be the second derivative of -c**4/6 - 7*c**3/6 + 5*c**2/2 + 107*c - 12. Calculate l(-2).
11
Let y(g) be the first derivative of -5*g + 111*g**2 - g - 64 - 110*g**2. Give y(4).
2
Let k(h) = -h**3 + 7*h**2 - h + 6. Let c(p) = p**2 + 29*p - 84. Let y be c(-32). Suppose 2*n + 4 = 0, -2*v - y + 18 = 4*n. Give k(v).
-1
Let o(f) be the first derivative of -2*f**3/3 + 3*f**2/2 - 101*f + 70. Let w(q) be the first derivative of o(q). Calculate w(2).
-5
Let t(x) = -10*x + 4*x**2 + 11 - x**3 + 9*x**2 + x - 6*x + 11*x. What is t(13)?
-41
Let z(b) be the third derivative of b**6/60 + b**5/10 + 3*b**4/8 + b**3/6 + 1133*b**2. Calculate z(-2).
-9
Suppose -5*g + 86*g - 83 = 160. Let j(m) be the second derivative of -1/2*m**2 + 9*m + 0*m**g + 2/3*m**4 + 0. Calculate j(-1).
7
Let p(d) be the second derivative of d**3/6 - 8*d**2 - 6*d - 31. Suppose -11 = -5*w + 19. What is p(w)?
-10
Let z(k) = 4*k**3 + 748740*k - 748739*k - 5*k**3 + 2*k**3 + k**2. Suppose -2*j = 3*j. Determine z(j).
0
Let d(z) = -z**3 - z**2 + 2*z - 41. Let x = -6962 + 6962. Determine d(x).
-41
Let l be 3 + (1 - -363) + -7. Let z(o) = l - 4*o + 11*o - o**2 - 358. Give z(5).
12
Let n be (24/(-16))/(-1)*2/1. Let j(b) be the second derivative of b**3/6 + 3*b**2/2 + 121*b. What is j(n)?
6
Let t(q) = -19010*q**2 + q**3 + 18998*q**2 + 8 - 30*q - 4. Calculate t(14).
-24
Let u(o) = -5 - 10 - 3 + 2*o + 5 + 5*o. Determine u(11).
64
Let m = 14 + -12. Suppose 0 = m*c - 3*b - 12, 0 = 3*c - 3*b - 15. Let n(w) = 3*w**2 + 3*w - c + 3*w**2 - 8*w**2 + 2. What is n(2)?
-3
Let u be -2*((-40)/220 - 81/(-22)). Let b(n) = 2*n**2 - 7 - 9*n - 2*n**2 - n**2. Give b(u).
7
Suppose -7*n + 5 = -6*n. Suppose -5 = -4*h + c + 5, 5*h - n*c - 20 = 0. Let l(f) = -f + h*f - 4*f + 4*f. Determine l(5).
5
Suppose 17 - 50 = -11*d. Let z(r) = 15*r + 11. Let u(g) = -8*g - 6. Let j(q) = d*z(q) + 5*u(q). Determine j(-5).
-22
Suppose 0*s - 5*s = 15. Let k(c) = 1 + 1 + c - 6 + 0. Let j(v) = v - 4. Let b(z) = -5*j(z) + 6*k(z). What is b(s)?
-7
Let o(q) = 891766*q**2 + 2 - 13 - 20*q - 891752*q**2 + q**3. Calculate o(-15).
64
Let g(u) = -13*u**2 - 8*u - 35. Let y(n) = n**2 - 17*n**2 + 0*n**2 + 9*n**2 - 4*n - 20. Let t(f) = 6*g(f) - 11*y(f). Give t(-5).
5
Let i(c) be the first derivative of c**4/4 + 8*c**3/3 + 4*c**2 + 15*c - 1109. Calculate i(-7).
8
Let s(c) = c**2 - 8*c - 11. Let l be s(9). Let r(g) = -64 + 121 - 2*g - 60. Determine r(l).
1
Let v be 75/(-150)*(-5 - -1). Let x(i) be the first derivative of -1/2*i**v + i - 11. What is x(7)?
-6
Let v be 24/15 - (-2)/5. Suppose 0*t - 3*t = -v*r - 4, -3*r + 5*t - 8 = 0. Let d(c) = 3*c**2 - 1 + 3*c + 2 - 4*c**2. Calculate d(r).
-3
Let q(d) = d**3 - 8*d**2 + 7*d. Suppose 177*n + 3 = 180*n, 5*h - n - 19 = 0. Calculate q(h).
-36
Let f = -22 - -27. Suppose -s = -6*s + 2*o + 134, -f*s + 128 = o. Let w(c) = 2*c**2 - 27*c - 3*c**2 - 16 + s*c. Calculate w(0).
-16
Let b = -31 - -31. Suppose -4*j - 181 = -3*m + 187, b = 4*m + 5*j - 439. Let d(l) = 120 - m + l**2 + 0*l + 10*l - 2*l. Give d(-6).
-8
Let n(q) = q**3 - 6*q**2 + 2*q - 66. Let k = 17834 + -17827. Calculate n(k).
-3
Let r = -554 + 557. Let v(i) = 2*i - 2*i - r*i - 8 + 2*i - 2*i. What is v(-7)?
13
Let t(a) be the second derivative of -3*a**5/20 - 2*a**3/3 + 2*a. Let l(j) = -j**3 - j**2 - 1. Let v(p) = -4*l(p) + t(p). Suppose -10 + 15 = -k. What is v(k)?
-1
Let f = 1280 + -1293. Let l(s) = s + 20. Give l(f).
7
Suppose -2*n + 37 = -0*n + 5*y, -3*n - 2*y = -39. Suppose -20*j + 243 = -n*j. Let s(k) = -2 + 46*k - 17*k - j*k. Calculate s(4).
6
Suppose 52*c + 2010 = -5166. Let y = c - -136. Let r(s) be the first derivative of -2*s**2 - 3*s + 1. Give r(y).
5
Let l(s) be the third derivative of -7/60*s**5 + 1 - 1/120*s**6 + 4/3*s**3 + 0*s - 5/24*s**4 - 82*s**2. What is l(-6)?
2
Let i(n) = 5*n**3 - 8*n**2 + 9*n + 69. Let u(o) = 28*o**3 - 40*o**2 + 48*o + 348. Let w(a) = -11*i(a) + 2*u(a). Determine w(-7).
7
Let r(j) be the second derivative of 13*j**3/6 - 23*j**2/2 - 805*j + 3. Determine r(-3).
-62
Let d(y) = -20*y - 151. Let n be d(-20). Let s(x) = n + x - 503 + 247. What is s(9)?
2
Suppose 3*a - 4 = 2. Let g(z) = -3*z - 7 + 15 + a*z. Let k(q) = -15*q - 9. Let d be k(-1). Calculate g(d).
2
Let s(c) = c**2 + 3*c + 13. Suppose -5*f = -140*y + 141*y + 15, -12 = 4*f - 4*y. Give s(f).
13
Let w be (-7 + 8)/(1 + (-4)/6). Let a = -4 + 7. Let c(q) = -q**a - 3 + 2*q**3 + 0*q - q - 3*q**2. What is c(w)?
-6
Let l(j) = -33*j - 426. Let z be l(-13). Let k(v) = 4*v**2 - 7*v + 5. Let m(c) = -3*c**2 + 6*c - 5. Let d(n) = 4*k(n) + 5*m(n). Give d(z).
10
Let o(g) = 5*g + 31. Let f(s) = -s - 6. Let k(r) = -11*f(r) - 2*o(r). Let x(u) = -8*u - 30. Let p be x(0). Let l = p + 23. Determine k(l).
-3
Suppose 61*s = -f + 59*s + 117, s + 530 = 5*f. Let g = -110 + f. Let j(c) = -c**3 - 4*c**2 + 2*c + 7. Calculate j(g).
-8
Let r = -42679 + 42681. Let k(z) be the third derivative of -1/2*z**3 + 0*z + 0 - 1/24*z**4 - 5*z**r. Give k(4).
-7
Let n(x) be the second derivative of -x**5/120 + 7*x**4/24 - 43*x**3/6 - x**2 - 4*x + 3. Let s(y) be the second derivative of n(y). Give s(6).
1
Let l(o) = 9*o**2 + 4*o + 19. Let q(z) = -5*z**2 - 2*z - 10. Let t(k) = 6*l(k) + 11*q(k). Let r(s) = 115*s + 228. Let i be r(-2). Calculate t(i).
-4
Let x(u) = u**2 + 6*u - 8. Suppose k - 340 = -3*k. Suppose 0 = 2*l + 3*l + k. Let z = l + 10. What is x(z)?
-1
Suppose 4*a = -3*c - 0*c - 39, 5*a = -5*c - 45. Let i(l) = -19 + 2*l + 10 - 12 - 18 + 52. Calculate i(a).
-11
Let u(j) = -j**3 + 5*j**2 + 8*j - 4. Let m = 6 - 1. Let x = 22 - m. Let d = 23 - x. Calculate u(d).
8
Let p(f) be the second derivative of -f**3/6 - 5*f**2/2 - f. Let q be (2/7 + 6/(-21))/1. Suppose 33 = -4*g + 3*j, 3*g + 33 = -q*g + 5*j. Give p(g).
1
Let v(l) = 12*l**2 + 2*l + 3. Let h = -63 - -61. Let w be (6 + (-2 - h))/(-2). Let n(k) = -6*k**2 - k - 2. Let z(d) = w*v(d) - 5*n(d). Calculate z(2).
-25
Let y(s) = s**3 + 7*s**2 + 11*s. Let j be y(-3). Let q(a) = -3*a**3 + 24*a - 3*a**2 - 26*a + 4*a**3 + 3 + a**2. Give q(j).
6
Let u(h) = -2*h - 2. Let y = -13 + 9. Let r be ((-36)/15)/(y/10). Let n be (r/(-4))/((-3)/(-8)). Determine u(n).
6
Let w(j) = 4*j - 7. Let q = -327 - -831. Let h = -498 + q. Give w(h).
17
Suppose 118 = 18*b + 82. Let t(k) = 0*k**3 - 42*k + 52*k + k**3 + 11*k**b. What is t(-10)?
0
Let d(a) be the first derivative of -a**3/3 - 5*a**2 - 19*a + 88. Let k be d(-2). Let p(j) = -j**3 - 3*j**2 + 3*j. Calculate p(k).
-9
Let o(r) = r + 1 - 7 + 2. Suppose 150 = 145*g - 95*g. Give o(g).
-1
Let q(k) = -k - 8. Suppose -3*g = -2*o + 1035, 6*o - g - 2045 = 2*o. Suppose o*f = 497*f - 195. Calculate q(f).
7
Let f(d) = 20*d - 572. Let x(h) = 10*h - 295. Let a(z) = 4*f(z) - 7*x(z). Determine a(22).
-3
Let a(m) = -m**3 - m**2 + m + 1. Let r = 224 + -201. Suppose 4 = -5*u + 3*f - 16, 2*u + 5*f = r. Give a(u).
0
Let q(s) = -568*s - 3995. Let v be q(-7). Let m(x) = x**2 + 20*x + 19. Determine m(v).
0
Let s(u) be the second derivative of u**3/6 + 202*u - 3. Let q = 30 - 15. Suppose 0 = -m + 5*m - l - 17, 3*l = -q. Give s(m).
3
Suppose -20 = -5*u, -10*u - 18 = -2*g - 14*u. Let f(n) be the third derivative of -5*n**4/24 - n**2. Determine f(g).
-5
Let y(l) = -58*l**2. Let j be 3193/721 + ((-17)/7 - -2). Let p be ((-4)/6)/((-1)/6*j). Give y(p).
-58
Suppose 0 = 5*y + 12 - 17. Let r be -6*y*(10/6 - 2). Let x(i) = -615 + r*i + 615. Determine x(3).
6
Let q(a) = 2*a**2 - 18